{"id":809,"date":"2025-04-08T08:24:29","date_gmt":"2025-04-08T08:24:29","guid":{"rendered":"https:\/\/thisismadeiraisland.com\/?post_type=things_to_do&#038;p=809"},"modified":"2026-08-16T14:20:25","modified_gmt":"2026-08-16T14:20:25","slug":"nuns-valleys-pico-areeiro","status":"publish","type":"things_to_do","link":"https:\/\/thisismadeiraisland.com\/fi\/things-to-do\/nuns-valleys-pico-areeiro\/","title":{"rendered":"Nun's &amp; Valleys &amp; Pico Areeiro - GDS"},"content":{"rendered":"<p class=\"wp-block-paragraph\">Pico dos Barcelos on tunnettu siit\u00e4, ett\u00e4 Funchalin Santa Claran luostarin nunnat l\u00f6ysiv\u00e4t sielt\u00e4 piilopaikan ranskalaisten korsaarien hy\u00f6kk\u00e4yksilt\u00e4 XV\/XVI vuosisadoilla. Pico dos Barcelos on t\u00e4m\u00e4n tour:n alkuper\u00e4, ja se on n\u00e4k\u00f6alapaikka, josta on upeat n\u00e4kym\u00e4t p\u00e4\u00e4kaupungin lahdelle.<\/p>\n\n\n\n<p class=\"wp-block-paragraph\">Jatkamme matkaamme j\u00e4tt\u00e4en kaupunkikeskustan taaksemme ja suuntaamme kohti vuoria, joista l\u00f6ytyy useita pisteit\u00e4, joista avautuu upeat n\u00e4kym\u00e4t laaksoihin, joissa kyl\u00e4 levitt\u00e4ytyy kauas alapuolelle.<\/p>\n\n\n\n<p class=\"wp-block-paragraph\">Vuorten ymp\u00e4r\u00f6im\u00e4n\u00e4, valtameren sinist\u00e4 korvaa taivaansininen yl\u00e4puolella ja maalauksellisen yl\u00e4ng\u00f6n taustalla, t\u00e4\u00e4ll\u00e4 voimme maistella lik\u00f6\u00f6rej\u00e4, leivonnaisia ja muita tuotteita, joita voi l\u00f6yt\u00e4\u00e4 vain t\u00e4lt\u00e4 alueelta.<\/p>\n\n\n\n<p class=\"wp-block-paragraph\"><\/p>\n\n\n\n<figure class=\"wp-block-table\"><table class=\"has-fixed-layout\"><tbody><tr><td><strong><br>Noutopaikka<\/strong><br>VY\u00d6HYKE 1 - ilmainen nouto - Funchal | Cani\u00e7o<br>VY\u00d6HYKE 2 - 5,00 \u20ac p\/p - Risteilylaituri \/ satama | Santa Cruz | C\u00e2mara de Lobos | Estreito C\u00e2mara de Lobos | Ponta do Sol (keskusta)<br>VY\u00d6HYKE 3 - 10,00 \u20ac p\/p - Machico | Camacha | Jardim da Serra | Calheta | S\u00e3o Vicente,<br>VY\u00d6HYKE 4 - 15,00 \u20ac p\/p - Ponta Delgada | Faial | Porto da Cruz | Santo da Serra | Cani\u00e7al,<br>VY\u00d6HYKE 5 - 20,00 \u20ac p\/p - Porto Moniz | Prazeres, Jardim do Mar | Paul do Mar | Faj\u00e3 da Ovelha | Santana | Santana<\/td><\/tr><\/tbody><\/table><\/figure>\n\n\n\n<p class=\"wp-block-paragraph\"><\/p>","protected":false},"template":"","activities_category":[50,55],"language":[56,57,58,59,61],"type_of_activity":[64],"tour_location":[83],"duration_type":[85],"class_list":["post-809","things_to_do","type-things_to_do","status-publish","hentry","activities_category-suitable-for-children","activities_category-off-road","language-english","language-french","language-german","language-portuguese","language-spanish","type_of_activity-group-shared","tour_location-funchal","duration_type-half-day"],"acf":[],"_links":{"self":[{"href":"https:\/\/thisismadeiraisland.com\/fi\/wp-json\/wp\/v2\/things_to_do\/809","targetHints":{"allow":["GET"]}}],"collection":[{"href":"https:\/\/thisismadeiraisland.com\/fi\/wp-json\/wp\/v2\/things_to_do"}],"about":[{"href":"https:\/\/thisismadeiraisland.com\/fi\/wp-json\/wp\/v2\/types\/things_to_do"}],"wp:attachment":[{"href":"https:\/\/thisismadeiraisland.com\/fi\/wp-json\/wp\/v2\/media?parent=809"}],"wp:term":[{"taxonomy":"activities_category","embeddable":true,"href":"https:\/\/thisismadeiraisland.com\/fi\/wp-json\/wp\/v2\/activities_category?post=809"},{"taxonomy":"language","embeddable":true,"href":"https:\/\/thisismadeiraisland.com\/fi\/wp-json\/wp\/v2\/language?post=809"},{"taxonomy":"type_of_activity","embeddable":true,"href":"https:\/\/thisismadeiraisland.com\/fi\/wp-json\/wp\/v2\/type_of_activity?post=809"},{"taxonomy":"tour_location","embeddable":true,"href":"https:\/\/thisismadeiraisland.com\/fi\/wp-json\/wp\/v2\/tour_location?post=809"},{"taxonomy":"duration_type","embeddable":true,"href":"https:\/\/thisismadeiraisland.com\/fi\/wp-json\/wp\/v2\/duration_type?post=809"}],"curies":[{"name":"wp","href":"https:\/\/api.w.org\/{rel}","templated":true}]}}

<p class="wp-block-paragraph">Pico dos Barcelos on tunnettu siitä, että Funchalin Santa Claran luostarin nunnat löysivät sieltä piilopaikan ranskalaisten korsaarien hyökkäyksiltä XV/XVI vuosisadoilla. Pico dos Barcelos on tämän tour:n alkuperä, ja se on näköalapaikka, josta on upeat näkymät pääkaupungin lahdelle.</p>



<p class="wp-block-paragraph">Jatkamme matkaamme jättäen kaupunkikeskustan taaksemme ja suuntaamme kohti vuoria, joista löytyy useita pisteitä, joista avautuu upeat näkymät laaksoihin, joissa kylä levittäytyy kauas alapuolelle.</p>



<p class="wp-block-paragraph">Vuorten ympäröimänä, valtameren sinistä korvaa taivaansininen yläpuolella ja maalauksellisen ylängön taustalla, täällä voimme maistella liköörejä, leivonnaisia ja muita tuotteita, joita voi löytää vain tältä alueelta.</p>



<p class="wp-block-paragraph"></p>



<figure class="wp-block-table"><table class="has-fixed-layout"><tbody><tr><td><strong><br>Noutopaikka</strong><br>VYÖHYKE 1 - ilmainen nouto - Funchal | Caniço<br>VYÖHYKE 2 - 5,00 € p/p - Risteilylaituri / satama | Santa Cruz | Câmara de Lobos | Estreito Câmara de Lobos | Ponta do Sol (keskusta)<br>VYÖHYKE 3 - 10,00 € p/p - Machico | Camacha | Jardim da Serra | Calheta | São Vicente,<br>VYÖHYKE 4 - 15,00 € p/p - Ponta Delgada | Faial | Porto da Cruz | Santo da Serra | Caniçal,<br>VYÖHYKE 5 - 20,00 € p/p - Porto Moniz | Prazeres, Jardim do Mar | Paul do Mar | Fajã da Ovelha | Santana | Santana</td></tr></tbody></table></figure>



<p class="wp-block-paragraph"></p>
