{"id":996,"date":"2025-04-18T10:17:50","date_gmt":"2025-04-18T10:17:50","guid":{"rendered":"https:\/\/thisismadeiraisland.com\/?post_type=things_to_do&#038;p=996"},"modified":"2026-09-03T11:21:21","modified_gmt":"2026-09-03T11:21:21","slug":"rabacal-risco-25-fontes-levada-walk","status":"publish","type":"things_to_do","link":"https:\/\/thisismadeiraisland.com\/pt\/things-to-do\/rabacal-risco-25-fontes-levada-walk\/","title":{"rendered":"PR6 Raba\u00e7al\/Risco\/25 Fontes \u2013 FT"},"content":{"rendered":"<p class=\"wp-block-paragraph\">O Posto Florestal do Raba\u00e7al, na regi\u00e3o do Paul da Serra, \u00e9 o ponto de partida para a nossa caminhada que d\u00e1 acesso \u00e0 Levada do Risco com uma extens\u00e3o de cerca de 11 km. Primeiro, seguimos pela Levada do Risco at\u00e9 \u00e0 cascata com o mesmo nome e depois descemos para continuar a nossa caminhada pela Levada Nova do Raba\u00e7al, que nos leva at\u00e9 \u00e0 albufeira das 25 Fontes, que recebe este nome devido \u00e0s v\u00e1rias cascatas que a\u00ed se encontram.<\/p>\n\n\n\n<p class=\"wp-block-paragraph\">O percurso percorre a flora aut\u00f3ctone e end\u00e9mica da ilha da Madeira, especialmente a vegeta\u00e7\u00e3o de altitude e podemos observar vistas indescrit\u00edveis sobre o vale. O regresso \u00e0 costa sul da ilha \u00e9 feito atrav\u00e9s do t\u00fanel do Cavaleiro (cerca de 800 metros de comprimento).<\/p>\n\n\n\n<p class=\"wp-block-paragraph\"><strong>A taxa oficial de entrada na trilha \u00e9 de 3,00 \u20ac adicionais por pessoa, que o seu guia tratar\u00e1 de pagar por si no pr\u00f3prio dia.<\/strong><\/p>\n\n\n\n<h3 class=\"wp-block-heading\"><strong>Log\u00edstica da digress\u00e3o<\/strong><\/h3>\n\n\n\n<ul class=\"wp-block-list\">\n<li><strong>Pre\u00e7os:<\/strong> 47 \u20ac por adulto | 23,50 \u20ac por crian\u00e7a (0 a 12 anos)<\/li>\n\n\n\n<li><strong>Dura\u00e7\u00e3o:<\/strong> Dia inteiro (08:00 - 16:30)<\/li>\n\n\n\n<li><strong>Grau de dificuldade:<\/strong> Moderado<\/li>\n\n\n\n<li><strong>Tempo de desloca\u00e7\u00e3o:<\/strong> Aprox. 4 horas<\/li>\n\n\n\n<li><strong>Dist\u00e2ncia:<\/strong> 11 km<\/li>\n\n\n\n<li><strong>Tempo de viagem:<\/strong> 1,5 horas<\/li>\n\n\n\n<li><strong>Bilhetes de rela\u00e7\u00f5es p\u00fablicas<\/strong>: &nbsp;provided by the guide (Extra charged) 3.00\u20ac\/person<br><br><\/li>\n<\/ul>\n\n\n\n<p class=\"wp-block-paragraph\"><\/p>","protected":false},"template":"","activities_category":[78],"language":[56,59,61],"type_of_activity":[63],"tour_location":[83],"duration_type":[86],"class_list":["post-996","things_to_do","type-things_to_do","status-publish","hentry","activities_category-hiking-levada-walking","language-english","language-portuguese","language-spanish","type_of_activity-group","tour_location-funchal","duration_type-full-day"],"acf":[],"_links":{"self":[{"href":"https:\/\/thisismadeiraisland.com\/pt\/wp-json\/wp\/v2\/things_to_do\/996","targetHints":{"allow":["GET"]}}],"collection":[{"href":"https:\/\/thisismadeiraisland.com\/pt\/wp-json\/wp\/v2\/things_to_do"}],"about":[{"href":"https:\/\/thisismadeiraisland.com\/pt\/wp-json\/wp\/v2\/types\/things_to_do"}],"wp:attachment":[{"href":"https:\/\/thisismadeiraisland.com\/pt\/wp-json\/wp\/v2\/media?parent=996"}],"wp:term":[{"taxonomy":"activities_category","embeddable":true,"href":"https:\/\/thisismadeiraisland.com\/pt\/wp-json\/wp\/v2\/activities_category?post=996"},{"taxonomy":"language","embeddable":true,"href":"https:\/\/thisismadeiraisland.com\/pt\/wp-json\/wp\/v2\/language?post=996"},{"taxonomy":"type_of_activity","embeddable":true,"href":"https:\/\/thisismadeiraisland.com\/pt\/wp-json\/wp\/v2\/type_of_activity?post=996"},{"taxonomy":"tour_location","embeddable":true,"href":"https:\/\/thisismadeiraisland.com\/pt\/wp-json\/wp\/v2\/tour_location?post=996"},{"taxonomy":"duration_type","embeddable":true,"href":"https:\/\/thisismadeiraisland.com\/pt\/wp-json\/wp\/v2\/duration_type?post=996"}],"curies":[{"name":"wp","href":"https:\/\/api.w.org\/{rel}","templated":true}]}}

PR6 Rabaçal/Risco/25 Fontes – FT

<p class="wp-block-paragraph">O Posto Florestal do Rabaçal, na região do Paul da Serra, é o ponto de partida para a nossa caminhada que dá acesso à Levada do Risco com uma extensão de cerca de 11 km. Primeiro, seguimos pela Levada do Risco até à cascata com o mesmo nome e depois descemos para continuar a nossa caminhada pela Levada Nova do Rabaçal, que nos leva até à albufeira das 25 Fontes, que recebe este nome devido às várias cascatas que aí se encontram.</p>



<p class="wp-block-paragraph">O percurso percorre a flora autóctone e endémica da ilha da Madeira, especialmente a vegetação de altitude e podemos observar vistas indescritíveis sobre o vale. O regresso à costa sul da ilha é feito através do túnel do Cavaleiro (cerca de 800 metros de comprimento).</p>



<p class="wp-block-paragraph"><strong>A taxa oficial de entrada na trilha é de 3,00 € adicionais por pessoa, que o seu guia tratará de pagar por si no próprio dia.</strong></p>



<h3 class="wp-block-heading"><strong>Logística da digressão</strong></h3>



<ul class="wp-block-list">
<li><strong>Preços:</strong> 47 € por adulto | 23,50 € por criança (0 a 12 anos)</li>



<li><strong>Duração:</strong> Dia inteiro (08:00 - 16:30)</li>



<li><strong>Grau de dificuldade:</strong> Moderado</li>



<li><strong>Tempo de deslocação:</strong> Aprox. 4 horas</li>



<li><strong>Distância:</strong> 11 km</li>



<li><strong>Tempo de viagem:</strong> 1,5 horas</li>



<li><strong>Bilhetes de relações públicas</strong>: &nbsp;provided by the guide (Extra charged) 3.00€/person<br><br></li>
</ul>



<p class="wp-block-paragraph"></p>
